ed by (100/(-70))/((8955/(-595))/3 + 5).
76
Let j(b) = -545*b**3 + 3*b**2 - 37*b - 38. Calculate the remainder when j(-1) is divided by 24.
19
Suppose -g - 182 + 240 = 0. What is the remainder when g is divided by 9?
4
Suppose o - 183 - 62 = 0. Let k = -232 + o. Calculate the remainder when 89 is divided by k.
11
Let o be 0*(0/5 - 1). Suppose 10 = 5*j + 2*p, -j + p = -2 - o. Let y = 17 - 8. What is the remainder when y is divided by j?
1
Suppose 2041*c + 3*n + 7186 = 2043*c, 0 = 3*c + 5*n - 10779. Calculate the remainder when c is divided by 5.
3
Suppose 0 = 38*u - 11*u - 918. Calculate the remainder when 234 is divided by (-5 - -10)*u/5.
30
Suppose -217*b + 235*b = 3024. Calculate the remainder when 2519 is divided by b.
167
What is the remainder when (198/18 + -19)*-139 is divided by 277?
4
Calculate the remainder when 3 + 6 + (-1124)/(6 + 24/(-3)) is divided by 25.
21
Let i(w) be the first derivative of w**4/4 + 14*w**3/3 - 9*w**2/2 - 44*w + 34. Calculate the remainder when i(-14) is divided by 28.
26
Suppose -3*y = 0, 5*o - 2*y - 15 = 2*o. Suppose -4*d - 190 = -5*k + 11, 0 = -3*d - o*k - 107. Let l = 103 + d. Calculate the remainder when l is divided by 20.
19
What is the remainder when 440 is divided by 6210/510 - 12/68?
8
Suppose -248*z + 4445 = 45 + 680. Calculate the remainder when 700 is divided by z.
10
Suppose -5*f - 3*i = -207, -307*i + 308*i = 4. Calculate the remainder when 824 is divided by f.
5
Suppose 4*v + 19 = 211. What is the remainder when 148 is divided by v?
4
Let c(g) = -3*g + 10. Let o be c(8). Let v = 24234 + -24221. Calculate the remainder when v is divided by (-2 + 0)*o/4.
6
Suppose 0 = -z + 4*z + 63. Let q = z - -78. Let h = -115 - -130. Calculate the remainder when q is divided by h.
12
Let f be (-5)/5 - (-4 - 0). Let h be (-6)/(-5 + f) + 0. Calculate the remainder when 132 is divided by -4 - (h - (47 + 5)).
42
Let n(q) = 5*q + 2. Let j be n(-11). Let a = j + 49. Let p(i) = -i**3 - 3*i**2 + 2*i - 4. What is the remainder when 5 is divided by p(a)?
1
Suppose -57 = -r + 4*r. Let v(l) be the second derivative of l**4/6 + 19*l**3/3 + 13*l**2 + 4845*l. Calculate the remainder when v(r) is divided by 14.
12
Let q = -3 + 4. Let y(k) = -k**3 - 13*k**2 - 51*k - 12. What is the remainder when 134/(q*4/6) is divided by y(-3)?
48
Let n(x) = -4*x - 103. Let a be n(-27). Suppose h - 18 = a. Calculate the remainder when 50 is divided by h.
4
Let g be -2 - -2*(4 + 16). Let b be (-12)/114 + 43704/g. Suppose 0*a + b = 10*a. What is the remainder when a is divided by 39?
37
Suppose 360 = -5*o - 3*o. Calculate the remainder when 207 is divided by -1*(-8)/(-12)*o.
27
Suppose 2*f + v - 314 = 0, -v + 159 = 6*f - 5*f. What is the remainder when f is divided by 106/9 - ((-144)/(-192))/(27/(-8))?
11
Let m(r) be the second derivative of -r**3/3 - 19*r**2/2 + 10*r + 1. Calculate the remainder when 78 is divided by m(-24).
20
Let a(d) = d + 1. Let c(t) = 2*t - 4. Let w(z) = 3*a(z) - c(z). What is the remainder when 230 is divided by w(14)?
20
Suppose 89*q - 11921 = 82*q. Suppose -3*g = -1850 + q. Calculate the remainder when g is divided by 26.
23
Let u(y) be the first derivative of 4*y**3/3 - 17*y**2/2 - 54*y - 122. Calculate the remainder when 229 is divided by u(-3).
31
Let k = 575 - 498. Calculate the remainder when k is divided by 44.
33
Let k be 5 + -2 + (-2 - 11). Calculate the remainder when 64 is divided by (-169)/k + (-1)/(-10).
13
Let b(s) = -s**3 + 25*s**2 + 24*s + 54. Let g be b(26). Suppose g*o - j = 38, -24 = 5*o - 3*j - 118. Calculate the remainder when 217 is divided by o.
17
Let z = 1 + -1. Suppose 40 = 4*n - z. Suppose -322*q + 319*q = 4*h - 49, 6*h = -2*q + 46. What is the remainder when n is divided by h?
2
Suppose -7*y - 12*y = -9*y - 1480. Calculate the remainder when y is divided by 11.
5
Let n = 161 - 157. Suppose -2*y - 669 = -n*j - 85, 2*j - 5*y = 308. What is the remainder when j is divided by 21?
18
What is the remainder when 3261 is divided by ((12 + -20)*(-3)/24)/(1/13)?
11
Calculate the remainder when (230/4)/(4/8) is divided by 1/(-2) - (-64 + -7)/(6 + -4).
10
Let t(a) = -a**3 + 18*a**2 - 22*a + 19. Let g be t(16). Let x = g - 167. Calculate the remainder when 310 is divided by x.
10
Suppose 0 = -0*f + 2*f - 2. Let u = -213 + 310. Calculate the remainder when u is divided by (51/2)/(f/(-2) - -1).
46
Let y = 457 + -455. Suppose -b = 5*r + 3*b - y, 5*r - 6 = -2*b. What is the remainder when 134 is divided by r?
0
Let p be (0 - -1) + (4 - -9). Let r(n) = -n + 19. Let i be r(p). Calculate the remainder when (-2)/((-2)/i)*(-27)/(-15) is divided by 6.
3
Let j(x) = -212*x**3 + 11*x**2 + 20*x - 25. What is the remainder when j(-3) is divided by 1911?
5
Suppose 786 = 5*r + 2*p, 150 = 39*r - 38*r - 2*p. Calculate the remainder when 6859 is divided by r.
151
Suppose 0 = -2*l - 4*o + 1430, -186*l = -181*l - 4*o - 3701. What is the remainder when l is divided by 268?
197
Let r(x) = -241*x + 1441. Calculate the remainder when r(5) is divided by 62.
50
Suppose 0 = 3*v - 6, 0 = p - 4*v + 9 - 4. Suppose 5*c = 5*f - 25, 0 = -4*f - 5*c + 2*c + 13. What is the remainder when (33/p)/(12/12) is divided by f?
3
Suppose 2*w - 4*t = t + 953, 2*t = 5*w - 2414. Let k = w + -442. What is the remainder when 246 is divided by k?
36
Let l be ((-96)/84)/(2*(-1)/7). Suppose -523 = -l*h + 65. Suppose k = -6*k + h. Calculate the remainder when k is divided by 12.
9
Let n(j) = -j**3 - j**2 + 10*j + 44. Let x be n(-6). Suppose -2*c + 180 = x. What is the remainder when 37 is divided by c?
5
Let o(b) be the third derivative of 7*b**5/60 + b**4/12 + b**3/6 - 2*b**2. Let z = -2680 + 2687. What is the remainder when o(-2) is divided by z?
4
Suppose 2*t - 422 = -412. Suppose 0 = 5*m - 0*m - t*o - 330, -4*m - o + 249 = 0. Calculate the remainder when 377 is divided by m.
62
Let n(h) = h**3 + h**2 + 2*h + 2. Let j be n(4). Suppose -5*k - s + 77 = -23, -j = -5*k + s. What is the remainder when 131 is divided by k?
17
Let c(i) = i + 13. Let d be c(-11). Let u be (-2 + -40)*(-1)/d. What is the remainder when (-5 - (-2)/2) + u is divided by 6?
5
Let c(z) = 70*z + 1141. Calculate the remainder when 266 is divided by c(-16).
14
Let w(k) = 14*k**2 - 49*k - 47. What is the remainder when 364 is divided by w(-1)?
12
Suppose 5*h - 7640 = -5*y, 85*y + 6109 = 4*h + 86*y. What is the remainder when h is divided by 17?
14
Let m be (-20)/(-45)*6 - 12/(-36). Suppose -3*g + 11*s + 77 = 6*s, g - 7 = -m*s. What is the remainder when 50 is divided by g?
12
Let w be (-4)/(-2*6*5/15). Let v(m) = 15*m + 4. Calculate the remainder when 65 is divided by v(w).
8
Suppose 56 = 7*j - 2*i, -4*i = 3*j - 4 + 14. Calculate the remainder when 112 is divided by j.
4
Suppose 11*q = 44 + 583. What is the remainder when 401 is divided by q?
2
Let o(s) = 2*s**2 + 106*s + 248. Calculate the remainder when 1318 is divided by o(-51).
42
Suppose -292977 + 12598 = -359*h. What is the remainder when 2415 is divided by h?
72
Suppose -4*q + 2*j = -9 - 13, 0 = 5*q + 4*j - 21. Suppose -1968*t + 1978*t + 30 = 0. Let s = q - t. Calculate the remainder when s is divided by 2.
0
Let t = 1074 + -116. Calculate the remainder when t is divided by 476.
6
Let d = -826 + 876. What is the remainder when 598 is divided by d?
48
Let d be (0 - (2 + -3)) + 1. Suppose 1927 = -201*i + 344*i - 2935. Calculate the remainder when 96 - (6/d)/(-3) is divided by i.
29
Suppose -325*q + 8 = -323*q. Suppose -652 - 1161 = -5*z - 4*n, 0 = -5*z + q*n + 1837. Calculate the remainder when z is divided by 22.
13
Suppose -2*a + 42 = a. Let l = -55 + 85. Suppose w - l = h, 0 = -22*h + 27*h - 25. What is the remainder when w is divided by a?
7
Calculate the remainder when -9 - (15/25 + 1056/(-10)) is divided by 10.
6
Suppose -13*c - 2508 = -216*c - 275. Calculate the remainder when 12550 is divided by c.
10
Let a(q) = 83*q**3 - 4*q**2 + 84*q - 80. What is the remainder when 473 is divided by a(1)?
58
Suppose 398*u - 452*u = -71766. Calculate the remainder when u is divided by 111.
108
Suppose -30*o + 5*j + 72 = -29*o, -2*o = j - 155. Suppose -55 = -5*b + 2*h, -3*h + 15 = -0*h. Calculate the remainder when o is divided by b.
12
Let h = 41 - 26. Suppose x + 4*x + h = 2*u, -4*u = 3*x - 17. Let z(i) = -61*i. Calculate the remainder wh